{"id":131,"date":"2018-01-03T17:27:45","date_gmt":"2018-01-03T16:27:45","guid":{"rendered":"http:\/\/new.my-ged.net\/?page_id=131"},"modified":"2018-01-03T18:43:05","modified_gmt":"2018-01-03T17:43:05","slug":"support","status":"publish","type":"page","link":"https:\/\/www.my-ged.net\/index.php\/support\/","title":{"rendered":"Support"},"content":{"rendered":"<h2><strong>La documentation MyGed<\/strong><\/h2>\n<p>&nbsp;<\/p>\n<p>Depuis la version 1.4, MyGed dispose de 2 documentations. Ces documentations sont mise \u00e0 jour au fur et a mesure de l&rsquo;evolution du logiciel.<\/p>\n<p>Et si malgr\u00e9 tout, vous ne trouvez pas la r\u00e9ponse \u00e0 votre question, vous pouvez contacter le support \u00e0 l&rsquo;adresse suivante :\u00a0<a title=\"Support\" href=\"mailto:support@hsconcept.fr\">support@hscinfo.fr<\/a>\u00a0ou via\u00a0<a title=\"Contact\" href=\"http:\/\/www.my-ged.net\/contacts\/\">le formulaire disponible ici<\/a>.<\/p>\n<p>&nbsp;<\/p>\n<h3>Cliquez sur un de lien pour consulter la documentation correspondante.<\/h3>\n<p>&nbsp;<\/p>\n<h4><a title=\"Documentation utilisateur\" href=\"http:\/\/www.my-ged.net\/fiches\/documentation%20utilisateur.pdf\" target=\"_blank\" rel=\"noopener\">Documentation utilisateur<\/a><\/h4>\n<p>La document utilisateur d\u00e9crit toutes les fonctionnalit\u00e9s du logiciel et vous explique comment utiliser de mani\u00e8re optimal l&rsquo;application<\/p>\n<p>&nbsp;<\/p>\n<h4><a title=\"Documentation param\u00e9trage\" href=\"http:\/\/www.my-ged.net\/fiches\/documentation%20param%C3%A9trage.pdf\" target=\"_blank\" rel=\"noopener\">Documentation param\u00e9trage<\/a><\/h4>\n<p>La document param\u00e9trage d\u00e9crit comment mettre en place toutes les fonctionnalit\u00e9s du logiciel.<\/p>\n","protected":false},"excerpt":{"rendered":"<p>La documentation MyGed &nbsp; Depuis la version 1.4, MyGed dispose de 2 documentations. Ces documentations sont mise \u00e0 jour au fur et a mesure de l&rsquo;evolution du logiciel. Et si malgr\u00e9 tout, vous ne trouvez pas la r\u00e9ponse \u00e0 votre question, vous pouvez contacter le support \u00e0 l&rsquo;adresse suivante :\u00a0support@hscinfo.fr\u00a0ou via\u00a0le formulaire disponible ici. &nbsp; [&hellip;]<\/p>\n","protected":false},"author":1,"featured_media":0,"parent":0,"menu_order":0,"comment_status":"closed","ping_status":"closed","template":"Page-fullwidth.php","meta":{"footnotes":""},"class_list":["post-131","page","type-page","status-publish","hentry"],"_links":{"self":[{"href":"https:\/\/www.my-ged.net\/index.php\/wp-json\/wp\/v2\/pages\/131","targetHints":{"allow":["GET"]}}],"collection":[{"href":"https:\/\/www.my-ged.net\/index.php\/wp-json\/wp\/v2\/pages"}],"about":[{"href":"https:\/\/www.my-ged.net\/index.php\/wp-json\/wp\/v2\/types\/page"}],"author":[{"embeddable":true,"href":"https:\/\/www.my-ged.net\/index.php\/wp-json\/wp\/v2\/users\/1"}],"replies":[{"embeddable":true,"href":"https:\/\/www.my-ged.net\/index.php\/wp-json\/wp\/v2\/comments?post=131"}],"version-history":[{"count":3,"href":"https:\/\/www.my-ged.net\/index.php\/wp-json\/wp\/v2\/pages\/131\/revisions"}],"predecessor-version":[{"id":149,"href":"https:\/\/www.my-ged.net\/index.php\/wp-json\/wp\/v2\/pages\/131\/revisions\/149"}],"wp:attachment":[{"href":"https:\/\/www.my-ged.net\/index.php\/wp-json\/wp\/v2\/media?parent=131"}],"curies":[{"name":"wp","href":"https:\/\/api.w.org\/{rel}","templated":true}]}}