{"id":166,"date":"2018-01-03T18:58:42","date_gmt":"2018-01-03T17:58:42","guid":{"rendered":"http:\/\/new.my-ged.net\/?page_id=166"},"modified":"2018-07-05T10:18:56","modified_gmt":"2018-07-05T08:18:56","slug":"lindexation-du-contenu","status":"publish","type":"page","link":"https:\/\/www.my-ged.net\/index.php\/fonctionnalites\/lindexation-du-contenu\/","title":{"rendered":"L&rsquo;indexation du contenu"},"content":{"rendered":"<h2><strong>Moteur d&rsquo;indexation MyGed<\/strong><\/h2>\n<p>Le moteur d&rsquo;indexation permet la recherche full-text sur chaque document compatible class\u00e9 dans la base. La recherche full text consiste \u00e0 retrouver un document en fonction des mots cl\u00e9s contenu dans celui ci.<\/p>\n<p>Il est \u00e9galement possible de faire une recherche multicrit\u00e8res, ce qui permet de retrouver des documents r\u00e9pondants \u00e0 une s\u00e9rie de crit\u00e8re d\u00e9finit.<\/p>\n<p><em>Ex : recherche un document qui contient le mot \u00ab\u00a0facture\u00a0\u00bb mais pas le mot \u00ab\u00a0avoir\u00a0\u00bb dans un dossier bien sp\u00e9cifique ou sur l&rsquo;int\u00e9gralit\u00e9 de la base.<\/em><\/p>\n<p>Le moteur d&rsquo;indexation est fournit sur MyGed Standard et Entreprise.<\/p>\n<p>En version Entreprise, le moteur d&rsquo;indexation propos\u00e9 est plus puissant (et pr\u00e9cis), g\u00e8re un plus gros volume d&rsquo;indexe et propose une recherche sur des bases de plusieurs millions d&rsquo;enregistrement beaucoup plus performante.<\/p>\n<address>\n<div id=\"attachment_187\" style=\"width: 760px\" class=\"wp-caption aligncenter\"><img loading=\"lazy\" decoding=\"async\" aria-describedby=\"caption-attachment-187\" class=\"wp-image-187 size-large\" src=\"http:\/\/new.my-ged.net\/wp-content\/uploads\/2018\/07\/moteur-de-recherche-1024x592.png\" alt=\"\" width=\"750\" height=\"434\" srcset=\"https:\/\/www.my-ged.net\/wp-content\/uploads\/2018\/07\/moteur-de-recherche-1024x592.png 1024w, https:\/\/www.my-ged.net\/wp-content\/uploads\/2018\/07\/moteur-de-recherche-300x173.png 300w, https:\/\/www.my-ged.net\/wp-content\/uploads\/2018\/07\/moteur-de-recherche-768x444.png 768w, https:\/\/www.my-ged.net\/wp-content\/uploads\/2018\/07\/moteur-de-recherche.png 1308w\" sizes=\"auto, (max-width: 750px) 100vw, 750px\" \/><p id=\"caption-attachment-187\" class=\"wp-caption-text\">Dans cette exemple, nous recherchons dans l&rsquo;armoire \u00ab\u00a0Facture fournisseur\u00a0\u00bb l&rsquo;ensemble des documents contenant les mots cl\u00e9s FC000001 (num\u00e9ro de facture) et BERNADET (nom du client) et 175,90 (montant de la facture)<\/p><\/div>\n<\/address>\n<p>&nbsp;<\/p>\n","protected":false},"excerpt":{"rendered":"<p>Moteur d&rsquo;indexation MyGed Le moteur d&rsquo;indexation permet la recherche full-text sur chaque document compatible class\u00e9 dans la base. La recherche full text consiste \u00e0 retrouver un document en fonction des mots cl\u00e9s contenu dans celui ci. Il est \u00e9galement possible de faire une recherche multicrit\u00e8res, ce qui permet de retrouver des documents r\u00e9pondants \u00e0 une [&hellip;]<\/p>\n","protected":false},"author":1,"featured_media":0,"parent":70,"menu_order":0,"comment_status":"closed","ping_status":"closed","template":"Page-fullwidth.php","meta":{"footnotes":""},"class_list":["post-166","page","type-page","status-publish","hentry"],"_links":{"self":[{"href":"https:\/\/www.my-ged.net\/index.php\/wp-json\/wp\/v2\/pages\/166","targetHints":{"allow":["GET"]}}],"collection":[{"href":"https:\/\/www.my-ged.net\/index.php\/wp-json\/wp\/v2\/pages"}],"about":[{"href":"https:\/\/www.my-ged.net\/index.php\/wp-json\/wp\/v2\/types\/page"}],"author":[{"embeddable":true,"href":"https:\/\/www.my-ged.net\/index.php\/wp-json\/wp\/v2\/users\/1"}],"replies":[{"embeddable":true,"href":"https:\/\/www.my-ged.net\/index.php\/wp-json\/wp\/v2\/comments?post=166"}],"version-history":[{"count":5,"href":"https:\/\/www.my-ged.net\/index.php\/wp-json\/wp\/v2\/pages\/166\/revisions"}],"predecessor-version":[{"id":190,"href":"https:\/\/www.my-ged.net\/index.php\/wp-json\/wp\/v2\/pages\/166\/revisions\/190"}],"up":[{"embeddable":true,"href":"https:\/\/www.my-ged.net\/index.php\/wp-json\/wp\/v2\/pages\/70"}],"wp:attachment":[{"href":"https:\/\/www.my-ged.net\/index.php\/wp-json\/wp\/v2\/media?parent=166"}],"curies":[{"name":"wp","href":"https:\/\/api.w.org\/{rel}","templated":true}]}}