{"id":209,"date":"2018-07-05T11:10:18","date_gmt":"2018-07-05T09:10:18","guid":{"rendered":"http:\/\/new.my-ged.net\/?page_id=209"},"modified":"2018-07-05T11:10:18","modified_gmt":"2018-07-05T09:10:18","slug":"la-securite","status":"publish","type":"page","link":"https:\/\/www.my-ged.net\/index.php\/fonctionnalites\/la-securite\/","title":{"rendered":"La s\u00e9curit\u00e9"},"content":{"rendered":"<h2><strong>La gestion de la s\u00e9curit\u00e9 dans MyGed\u00a0<\/strong><\/h2>\n<p>&nbsp;<\/p>\n<p>En version Entreprise, MyGed vous propose de g\u00e9rer vos droits de mani\u00e8re optimale sur l&rsquo;ensemble de l&rsquo;application.<\/p>\n<p>La gestion des droits d&rsquo;acc\u00e8s se fait par utilisateur ou groupe d&rsquo;utilisateur. Vous pouvez d\u00e9finir un infinit\u00e9 de niveau de groupe utilisateur avec des droits sp\u00e9cifique \u00e0 chaque niveau.<\/p>\n<div id=\"attachment_211\" style=\"width: 714px\" class=\"wp-caption aligncenter\"><img loading=\"lazy\" decoding=\"async\" aria-describedby=\"caption-attachment-211\" class=\"wp-image-211 size-full\" src=\"http:\/\/new.my-ged.net\/wp-content\/uploads\/2018\/07\/utilisateurs.png\" alt=\"\" width=\"704\" height=\"413\" srcset=\"https:\/\/www.my-ged.net\/wp-content\/uploads\/2018\/07\/utilisateurs.png 704w, https:\/\/www.my-ged.net\/wp-content\/uploads\/2018\/07\/utilisateurs-300x176.png 300w\" sizes=\"auto, (max-width: 704px) 100vw, 704px\" \/><p id=\"caption-attachment-211\" class=\"wp-caption-text\">Exemple d&rsquo;arborescence d&rsquo;utilisateurs avec groupes<\/p><\/div>\n<p>&nbsp;<\/p>\n<p>Vous aurez la possibilit\u00e9 sur chaque utilisateur ou groupe de d\u00e9finir :<\/p>\n<ul>\n<li>des droits d&rsquo;acc\u00e8s sur les fonctions de l&rsquo;application (param\u00e9trage, classement, consultation de fichier, ajout d&rsquo;un tampon &#8230;)<\/li>\n<li>des droits d&rsquo;acc\u00e8s sur le contenu. On g\u00e8re alors des droits d&rsquo;acc\u00e8s en lecture, ajout, modification et suppression sur :\n<ul>\n<li>une ou plus armoires<\/li>\n<li>un ou plusieurs dossiers dans les armoires accessibles<\/li>\n<li>pour finir, descendre au niveau fichier et personnaliser les droits par document<\/li>\n<\/ul>\n<\/li>\n<\/ul>\n<div id=\"attachment_210\" style=\"width: 705px\" class=\"wp-caption aligncenter\"><img loading=\"lazy\" decoding=\"async\" aria-describedby=\"caption-attachment-210\" class=\"wp-image-210 size-full\" src=\"http:\/\/new.my-ged.net\/wp-content\/uploads\/2018\/07\/droits-dacc\u00e8s.png\" alt=\"\" width=\"695\" height=\"443\" srcset=\"https:\/\/www.my-ged.net\/wp-content\/uploads\/2018\/07\/droits-dacc\u00e8s.png 695w, https:\/\/www.my-ged.net\/wp-content\/uploads\/2018\/07\/droits-dacc\u00e8s-300x191.png 300w\" sizes=\"auto, (max-width: 695px) 100vw, 695px\" \/><p id=\"caption-attachment-210\" class=\"wp-caption-text\"><br \/>Exemple de droits d&rsquo;acc\u00e8s sur une armoire de facture. Les comptables ont tous les droits mais les commerciaux ne peuvent que visualiser les facturses<\/p><\/div>\n","protected":false},"excerpt":{"rendered":"<p>La gestion de la s\u00e9curit\u00e9 dans MyGed\u00a0 &nbsp; En version Entreprise, MyGed vous propose de g\u00e9rer vos droits de mani\u00e8re optimale sur l&rsquo;ensemble de l&rsquo;application. La gestion des droits d&rsquo;acc\u00e8s se fait par utilisateur ou groupe d&rsquo;utilisateur. Vous pouvez d\u00e9finir un infinit\u00e9 de niveau de groupe utilisateur avec des droits sp\u00e9cifique \u00e0 chaque niveau. &nbsp; [&hellip;]<\/p>\n","protected":false},"author":1,"featured_media":0,"parent":70,"menu_order":0,"comment_status":"closed","ping_status":"closed","template":"Page-fullwidth.php","meta":{"footnotes":""},"class_list":["post-209","page","type-page","status-publish","hentry"],"_links":{"self":[{"href":"https:\/\/www.my-ged.net\/index.php\/wp-json\/wp\/v2\/pages\/209","targetHints":{"allow":["GET"]}}],"collection":[{"href":"https:\/\/www.my-ged.net\/index.php\/wp-json\/wp\/v2\/pages"}],"about":[{"href":"https:\/\/www.my-ged.net\/index.php\/wp-json\/wp\/v2\/types\/page"}],"author":[{"embeddable":true,"href":"https:\/\/www.my-ged.net\/index.php\/wp-json\/wp\/v2\/users\/1"}],"replies":[{"embeddable":true,"href":"https:\/\/www.my-ged.net\/index.php\/wp-json\/wp\/v2\/comments?post=209"}],"version-history":[{"count":1,"href":"https:\/\/www.my-ged.net\/index.php\/wp-json\/wp\/v2\/pages\/209\/revisions"}],"predecessor-version":[{"id":212,"href":"https:\/\/www.my-ged.net\/index.php\/wp-json\/wp\/v2\/pages\/209\/revisions\/212"}],"up":[{"embeddable":true,"href":"https:\/\/www.my-ged.net\/index.php\/wp-json\/wp\/v2\/pages\/70"}],"wp:attachment":[{"href":"https:\/\/www.my-ged.net\/index.php\/wp-json\/wp\/v2\/media?parent=209"}],"curies":[{"name":"wp","href":"https:\/\/api.w.org\/{rel}","templated":true}]}}