{"id":68,"date":"2018-01-03T11:38:27","date_gmt":"2018-01-03T10:38:27","guid":{"rendered":"http:\/\/new.my-ged.net\/?page_id=68"},"modified":"2021-12-20T14:08:25","modified_gmt":"2021-12-20T13:08:25","slug":"imprimante-erpdf","status":"publish","type":"page","link":"https:\/\/www.my-ged.net\/index.php\/imprimante-erpdf\/","title":{"rendered":"Imprimante ErPDF"},"content":{"rendered":"<h1 class=\"TXT-Titre-3\"><em><img loading=\"lazy\" decoding=\"async\" class=\"alignleft wp-image-120\" src=\"https:\/\/www.my-ged.net\/wp-content\/uploads\/2018\/01\/imprimanteErPDF-150x150.png\" alt=\"\" width=\"70\" height=\"70\" srcset=\"https:\/\/www.my-ged.net\/wp-content\/uploads\/2018\/01\/imprimanteErPDF-150x150.png 150w, https:\/\/www.my-ged.net\/wp-content\/uploads\/2018\/01\/imprimanteErPDF.png 256w\" sizes=\"auto, (max-width: 70px) 100vw, 70px\" \/>Capturer, G\u00e9rer, modifier, fusionner et exp\u00e9dier vos fluxs d&rsquo;impressions<\/em><\/h1>\n<h2><\/h2>\n<p>&nbsp;<\/p>\n<h4>L&rsquo;imprimante ErPDF est une imprimante virtuelle qui permet de capturer vos fluxs d&rsquo;impressions pour effectuer diff\u00e9rentes actions de mani\u00e8re simultan\u00e9 :<\/h4>\n<h2 class=\"HSCI-Texte\"><\/h2>\n<ul>\n<li>Archiver automatiquement en PDF vos impressions<\/li>\n<li>Extraire des valeurs d&rsquo;un document<\/li>\n<li>Detecter une adresse email et envoyer automatiquement par courrier electronique vos impressions<\/li>\n<li>Ins\u00e9rer automatiquement des informations :\n<ul>\n<li>un logo ou un pied sur chaqu&rsquo;un des pages du flux<\/li>\n<li>des conditions g\u00e9n\u00e9rales de vente au verso de chaque page<\/li>\n<li>un filigrane texte ou image en fond de chaque page<\/li>\n<li>Signer num\u00e9riquement chacun de vos fichiers<\/li>\n<li>Appliquer des tampons num\u00e9riques au choix<\/li>\n<\/ul>\n<\/li>\n<li>D\u00e9couper vos fluxs d&rsquo;impressions et les traiter de mani\u00e8re autonome<\/li>\n<li>Fusion de plusieurs fluxs d&rsquo;impressions de source diff\u00e9rentes<\/li>\n<li>Redimension et optimisation pour r\u00e9alis\u00e9 des \u00e9conomies<\/li>\n<li>Envoyer automatiquement sur un serveur Web ou FTP vos impressions en PDF<\/li>\n<li>G\u00e9n\u00e9ration automatique de QR Code pour relecture<\/li>\n<\/ul>\n<p>&nbsp;<\/p>\n<p>&nbsp;<\/p>\n<h1 class=\"TXT-Titre-3\"><em><img loading=\"lazy\" decoding=\"async\" class=\"alignleft wp-image-120\" src=\"https:\/\/www.my-ged.net\/wp-content\/uploads\/2018\/01\/imprimanteErPDF-150x150.png\" alt=\"\" width=\"70\" height=\"70\" srcset=\"https:\/\/www.my-ged.net\/wp-content\/uploads\/2018\/01\/imprimanteErPDF-150x150.png 150w, https:\/\/www.my-ged.net\/wp-content\/uploads\/2018\/01\/imprimanteErPDF.png 256w\" sizes=\"auto, (max-width: 70px) 100vw, 70px\" \/>Cr\u00e9er vos propres sc\u00e9narios<\/em><\/h1>\n<p class=\"\">L&rsquo;imprimante ErPDF permet \u00e0 chaque utilisateur de d\u00e9finir plusieurs sc\u00e9narios d&rsquo;impressions afin d&rsquo;automatiser les traitements de vos fluxs d&rsquo;impressions.<\/p>\n<p class=\"\">La d\u00e9finition d&rsquo;un sc\u00e9nario se fait de mani\u00e8re graphique et permet d&rsquo;enchainer plusieurs actions en prenant en compte des param\u00e8tres variables.<\/p>\n<p class=\"\"><em>L&rsquo;exemple de sc\u00e9nario ci dessous montre l&rsquo;envoi automatique de facture par email avec :<\/em><\/p>\n<ul class=\"\">\n<li><em>Ajout de conditions g\u00e9n\u00e9rales de vente en verso des factures<\/em><\/li>\n<li><em>Ajout d&rsquo;un papier ent\u00eate pour envoi de l&#8217;email<\/em><\/li>\n<li><em>D\u00e9coupage du flux d&rsquo;impression selon le num\u00e9ro de facture extrait du document<\/em><\/li>\n<li><em>Archivage de chaque fichier PDF dans un dossier dynamique cr\u00e9\u00e9 avec le nom du client et le num\u00e9ro de facture<\/em><\/li>\n<li><em>Envoi par email \u00e0 chaque client en fonction de l&rsquo;adresse email d\u00e9tect\u00e9e\u00a0dans chaque facture<\/em><\/li>\n<li><em>Un renvoie vers l&rsquo;impression si l&rsquo;adresse email n&rsquo;a pas pu \u00eatre d\u00e9tect\u00e9e.<\/em><\/li>\n<li><em>Nouveau 2021 : g\u00e9n\u00e9ration de QR Facture Suisse compatible tout ERP<\/em><\/li>\n<\/ul>\n<div id=\"attachment_117\" style=\"width: 1023px\" class=\"wp-caption aligncenter\"><img loading=\"lazy\" decoding=\"async\" aria-describedby=\"caption-attachment-117\" class=\"wp-image-117 size-full\" src=\"https:\/\/www.my-ged.net\/wp-content\/uploads\/2018\/01\/Sc\u00e9narioErPDF.png\" alt=\"\" width=\"1013\" height=\"692\" srcset=\"https:\/\/www.my-ged.net\/wp-content\/uploads\/2018\/01\/Sc\u00e9narioErPDF.png 1013w, https:\/\/www.my-ged.net\/wp-content\/uploads\/2018\/01\/Sc\u00e9narioErPDF-300x205.png 300w, https:\/\/www.my-ged.net\/wp-content\/uploads\/2018\/01\/Sc\u00e9narioErPDF-768x525.png 768w\" sizes=\"auto, (max-width: 1013px) 100vw, 1013px\" \/><p id=\"caption-attachment-117\" class=\"wp-caption-text\">Param\u00e9trage d&rsquo;un sc\u00e9nario sous l&rsquo;imprimante ErPDF<\/p><\/div>\n<p>&nbsp;<\/p>\n<p>Vous pouvez t\u00e9l\u00e9charger une version d&rsquo;\u00e9valuation non limit\u00e9 en fonctionnalit\u00e9 en cliquant <a href=\"http:\/\/www.my-ged.net\/Installation\/ERImprimantePDF.MSI\">ici<\/a><\/p>\n","protected":false},"excerpt":{"rendered":"<p>Capturer, G\u00e9rer, modifier, fusionner et exp\u00e9dier vos fluxs d&rsquo;impressions &nbsp; L&rsquo;imprimante ErPDF est une imprimante virtuelle qui permet de capturer vos fluxs d&rsquo;impressions pour effectuer diff\u00e9rentes actions de mani\u00e8re simultan\u00e9 : Archiver automatiquement en PDF vos impressions Extraire des valeurs d&rsquo;un document Detecter une adresse email et envoyer automatiquement par courrier electronique vos impressions Ins\u00e9rer [&hellip;]<\/p>\n","protected":false},"author":1,"featured_media":0,"parent":0,"menu_order":0,"comment_status":"closed","ping_status":"closed","template":"Page-fullwidth.php","meta":{"footnotes":""},"class_list":["post-68","page","type-page","status-publish","hentry"],"_links":{"self":[{"href":"https:\/\/www.my-ged.net\/index.php\/wp-json\/wp\/v2\/pages\/68","targetHints":{"allow":["GET"]}}],"collection":[{"href":"https:\/\/www.my-ged.net\/index.php\/wp-json\/wp\/v2\/pages"}],"about":[{"href":"https:\/\/www.my-ged.net\/index.php\/wp-json\/wp\/v2\/types\/page"}],"author":[{"embeddable":true,"href":"https:\/\/www.my-ged.net\/index.php\/wp-json\/wp\/v2\/users\/1"}],"replies":[{"embeddable":true,"href":"https:\/\/www.my-ged.net\/index.php\/wp-json\/wp\/v2\/comments?post=68"}],"version-history":[{"count":16,"href":"https:\/\/www.my-ged.net\/index.php\/wp-json\/wp\/v2\/pages\/68\/revisions"}],"predecessor-version":[{"id":1072,"href":"https:\/\/www.my-ged.net\/index.php\/wp-json\/wp\/v2\/pages\/68\/revisions\/1072"}],"wp:attachment":[{"href":"https:\/\/www.my-ged.net\/index.php\/wp-json\/wp\/v2\/media?parent=68"}],"curies":[{"name":"wp","href":"https:\/\/api.w.org\/{rel}","templated":true}]}}